e units digit of y?
9
What is the tens digit of 24/30*(2202 - -23)?
8
Let n be ((-3468)/10)/(-2)*(107 + -82). Suppose 4333*p - n*p = -2904. What is the units digit of p?
2
Suppose 40*w - 40*w = -24*w + 1574520. What is the hundreds digit of w?
6
Suppose a - 4358 = -4*m, -4*a = -5*a + m + 4363. What is the units digit of a?
2
Let g = 17920 + -6609. What is the thousands digit of g?
1
Suppose -7*y + 36 = -6. Suppose 47 = y*g - 1. What is the units digit of g?
8
Let m be -1*2/(-9) + 80/(-36). What is the units digit of 651/(-12)*-4 - m*2?
1
Let g be 20/14 + (-3)/7. Suppose 7*o - 29 = -g. What is the units digit of 96 - (4/o + -1)?
6
Suppose -3*j + 4*w + 29124 = 0, -4*j + 5*w + 10711 + 28120 = 0. What is the thousands digit of j?
9
Suppose -7*g = 9 + 12. Let a be -4 + (-2337)/g - 0. Suppose 3*b = 8*b - a. What is the tens digit of b?
5
Let b(k) = 4*k**2 + 46*k - 47. Let a(q) = q**2 - 29*q + 35. Let y be a(27). What is the tens digit of b(y)?
2
Let w(m) = 513*m**2 + 40*m + 218. What is the units digit of w(-6)?
6
Suppose 194*c + 13*c - 886006 = 1722815. What is the tens digit of c?
0
Let x = -1604 - -1596. Suppose -5*h = -2*z + 125, 2*z - 4*z + 3*h + 123 = 0. Let m = z - x. What is the tens digit of m?
6
Let s(u) = -54*u**3 + 5*u**2 - 5*u + 12. Let r be s(-5). Suppose -19*g + 22405 = -r. What is the hundreds digit of g?
5
Let s(x) be the second derivative of 3*x**3 + 21*x**2/2 - 3*x. Suppose -28 = -3*h + 2*j - 12, -2*h - 3*j = -2. What is the units digit of s(h)?
3
Let f = -125 - -114. Let z(p) = 7*p + 2. Let k be z(-5). What is the tens digit of f/(k/12) - -66?
7
Suppose 10*r + 7146 - 84491 = -21*r. What is the tens digit of r?
9
Let k be (1 + (-6)/9)/((-2)/(-42)). What is the hundreds digit of 955/k + 100/175?
1
Suppose -2698*o + 371752 = -2667*o. What is the thousands digit of o?
1
Suppose j + 7*c = 27377, c - 136953 = -7*j + 2*j. What is the ten thousands digit of j?
2
Let t(l) = -6*l**2 + 6*l + 258. Let w(g) = -g**2 + g + 37. Let b(r) = 4*t(r) - 27*w(r). Let y = 1613 - 1606. What is the hundreds digit of b(y)?
1
Suppose 100*y + 190350 = 181*y. What is the tens digit of y?
5
Let p = 607 - 374. Suppose 239*y - 1422 = p*y. What is the tens digit of y?
3
Suppose -62*k = -f - 65*k + 25267, -5*f + 5*k + 126435 = 0. What is the ten thousands digit of f?
2
Let p be 1236 + (-4)/(-24)*0 + -2. Let m = p + -582. What is the tens digit of m?
5
Let i = 3746 + -2345. What is the thousands digit of i?
1
What is the thousands digit of (-12 + 6962 + 99/9)/((-2)/(-4))?
3
Suppose -4*c + 3606 = -h - 10346, c - 5*h - 3488 = 0. What is the thousands digit of c?
3
Let g(q) = 295*q**2 + 124*q + 1511. What is the tens digit of g(-13)?
5
Let i(a) = 2*a**2 - 4*a - 3. Suppose 3*f + 2*c = 5*f + 36, -2*f = -3*c + 41. What is the units digit of i(f)?
7
Let i(m) = 28*m**2 - 17*m - 246. What is the thousands digit of i(16)?
6
Let f = 519 - 504. Suppose -8*t - 3962 = -f*t. What is the tens digit of t?
6
Let b(i) = -13*i - 35. Suppose -2*v + 3*v + 4*q = 27, 0 = 2*q - 6. Let n be b(v). What is the tens digit of n/4*24/(-20)?
6
Suppose 2*p - 53*p - 1383357 = -6103050. What is the thousands digit of p?
2
Suppose 23*q + 2*h - 42633 = 20*q, -4*h + 71059 = 5*q. What is the units digit of q?
7
Suppose -13*d + 8*d + 2472 = 4*b, -1236 = -2*b + 3*d. Let t = b + -440. What is the hundreds digit of t?
1
Suppose 36*d - 38*d + 314 = 0. Suppose -d*g - 5943 = -164*g. What is the units digit of g?
9
Let p(k) = -k**3 + 20*k**2 + 64. Let f be 4*75/(-80)*-4. What is the units digit of p(f)?
9
Suppose -2829 - 55817 = 6*p - 418826. What is the hundreds digit of p?
0
Suppose -2*a = 3*s - 7, 2*s + 4*a - 3*a - 5 = 0. Suppose 6*l - 4*l + 4*r = -634, -s*r - 317 = l. Let k = l + 462. What is the units digit of k?
5
Let k = -17137 - -21336. What is the hundreds digit of k?
1
Let m(y) = -y**3 + 4*y**2 + 7*y - 3. Let r be m(5). Let z(t) = -t**2 + 7*t + 8. Let q be z(r). Suppose 26 = 2*k + q. What is the units digit of k?
9
Suppose -2*i + 1014 = -2*l, 4*l + 9 = l. Suppose 0 = -5*p + 19 + 11. Suppose p*w - i = -w. What is the units digit of w?
2
Let u(w) = -3591*w - 108. What is the units digit of u(-2)?
4
Let n = 8281 - 5230. What is the units digit of n?
1
Let i(l) = -4*l**2 + 9*l - 24. Let h be i(5). Let r = h + 107. What is the units digit of r?
8
Let m(r) = -r**3 + r**2 - 10*r - 18. Let g be 7/(-3 + -3 + 8 + -3). What is the hundreds digit of m(g)?
4
Suppose -3*d = -3*l - 112 - 56, -4*l = 16. Suppose -p - d - 94 = 0. Let h = p - -258. What is the tens digit of h?
1
Let x(m) = 595*m**2 + 29*m + 70. What is the hundreds digit of x(-3)?
3
Let k(w) = w**3 + 26*w**2 - 24*w - 21. Let i be k(-27). Let z = -100 - i. Suppose 5*v - z*t - 262 = 776, 5*v = -2*t + 1042. What is the units digit of v?
8
Let i(z) = -z**3 + 9*z**2 + 4. Let g be i(9). Suppose 442 = o + g*t, -t + 546 + 1177 = 4*o. What is the units digit of o?
0
Let j(l) be the second derivative of l**4/12 + l**3/6 + 113*l**2/2 - 13*l. What is the hundreds digit of j(-31)?
0
Suppose 6*s + 123*s + 1861547 = 4857314. What is the tens digit of s?
2
Let a(r) = -2*r**2 - r + 2. Let t be a(0). Suppose t*u - 29 = -5*b, 0 = 2*b - 6*u + u. What is the units digit of b*(-8)/260 - 4008/(-26)?
4
Suppose 9*z - 10*z + 3*l = 1507, 3*l = -2*z - 2987. Let o = z - -2505. What is the tens digit of o?
0
Let c = -528 + 171. Let k be ((-30)/(-4))/(3/(-92)) + -1. Let t = k - c. What is the hundreds digit of t?
1
Let t be -3 + 73 + 11 + -6. What is the hundreds digit of (-2)/4*15/(t/(-1730))?
1
Suppose -218*r + 4635 = -203*r. Let c = 646 - r. What is the units digit of c?
7
Let o(y) = 1177*y**2 - 68*y - 127. What is the ten thousands digit of o(-5)?
2
Let w(m) = -m**3 - 18*m**2 - 27*m + 5. Let i be w(-17). Suppose 2*z = -5*p + 2*p + i, 4*p = 20. What is the units digit of z?
0
Let r(y) = y**3 - 11*y**2 + 13*y - 28. Let v be r(10). Let z be (14/4)/(1/v). Suppose -103 = -z*b - 33. What is the units digit of b?
0
Suppose 32684 = 3*b + 4*d, -3*b + 42950 - 10258 = -4*d. What is the thousands digit of b?
0
Suppose -60*n = -31*n - 6380. What is the hundreds digit of n?
2
Suppose -1 = 5*l - 3*c + 1, -12 = 4*l - 5*c. Suppose 76 = -l*p - 162. Let y = p - -182. What is the units digit of y?
3
Let d = -826 + 1817. Suppose 11*l - d - 714 = 0. What is the hundreds digit of l?
1
Let l(u) = -u**3 - 8*u**2 - 2*u - 2. Let a be l(-8). Suppose o - 2 - a = 0. Suppose 0 = 3*x - 229 + o. What is the units digit of x?
1
Suppose -17*n - 688 = -n. Let y = n + 365. What is the hundreds digit of y?
3
Suppose -10966 + 87294 = 7*r + r. What is the tens digit of r?
4
Let f(a) be the second derivative of -2*a**3/3 - 6*a**2 - 2*a. Let p be f(-17). Suppose o + o = 2*b - p, -5*o = b - 40. What is the tens digit of b?
3
Let q(t) = -29023*t - 2070. What is the units digit of q(-1)?
3
What is the tens digit of (2 - 515/(-10) - 3)*110/5?
1
Let r(m) = m**2 + 3*m - 6. Let c be r(-5). Suppose 2*h = c*g - 392, -h + 3*h = 2*g - 402. Let i = 313 + h. What is the units digit of i?
7
Suppose 5*l - z = 131156 + 33524, 2*l - 65845 = -5*z. What is the units digit of l?
5
Suppose 73*x - 2857145 = -1074923. What is the units digit of x?
4
Let q(y) = -2*y**2 - 15*y - 10. Let u be q(-6). What is the tens digit of u/(-2)*2889/(-54)?
1
Let o be (-16)/(-24) + ((-44)/(-6) - 0). Suppose -44*c = -40*c - o. Suppose 3 = -5*n + 2*n, -c*x + 4*n + 12 = 0. What is the units digit of x?
4
Let i(o) = 7*o**2 + 16*o + 39. Let m be i(9). Let x = m - -3. What is the units digit of x?
3
Suppose -420 = -9*i - 3*i. What is the hundreds digit of -5*1*(-4396)/i?
6
Let r be 1 - -3 - (-430)/5. What is the tens digit of (-225)/r + (-1397)/(-2)?
9
Let v(i) = -14*i + 1. Let t(f) = 15*f - 1. Let d(s) = 6*t(s) + 5*v(s). Let z be (-3)/(-2)*16/24. What is the units digit of d(z)?
9
Suppose -2*t = -t. Let p = 4 + t. Suppose -p*h + 80 = -132. What is the units digit of h?
3
Suppose 3*i = c + 90 + 126, -2*i = 4*c - 144. Let o = 82 - i. Suppose -366 - o = -4*r. What is the units digit of r?
4
Suppose 15*i = 4*i + 11. Let d be (1 + i + -8)*1/2. What is the units digit of (770/49 - d) + 2/7?
9
Suppose 95*i + 3150574 = 373*i. What is the tens digit of i?
3
What is the units digit of -19 + 0 + 61123 + -3?
1
Suppose -2*y = 2*y + 5*t + 37, -2*y - 1 = -t. Let c be y + (-2